actor of l and 483.
21
Suppose -4*b - 4 = 36. Let h be ((-36)/(-30))/((-2)/b). Let c be (h/(-7))/((-1)/7). Calculate the highest common divisor of c and 48.
6
Let m(u) = -10*u - 69. Let s be m(-7). Let g be (-1*(0 + s))/(15/(-105)). Calculate the highest common divisor of 3 and g.
1
Suppose 11 = 8*r - 13. Calculate the highest common factor of 4 and r.
1
Suppose -6 = -2*n, -o + 2*n - 699 = -4*o. Calculate the greatest common factor of 33 and o.
33
Suppose -s - 7*s = 352. Let a = -32 - s. Calculate the greatest common divisor of 12 and a.
12
Let i(d) = d**3 - 6*d**2 + 6*d - 3. Let u be i(6). Suppose 28*h - u*h + 20 = 0. Let m be 2*1/2 - -19. What is the highest common divisor of h and m?
4
Let i = -121 + 186. Let a(x) = 58*x**2 - 2*x + 1. Let l be a(1). Let v = -31 + l. Calculate the greatest common divisor of i and v.
13
Let h(a) = 7*a + 23. Let l be h(-2). What is the greatest common divisor of l and 369?
9
Let u(x) = x + 3. Let h be u(0). Suppose -h*s = -2*s - 195. Suppose 2*t = 6, -5*p - t + s = 4*t. What is the greatest common divisor of p and 9?
9
Suppose -r = 72*r - 1533. What is the greatest common divisor of r and 15?
3
Let k = -44 + 26. Suppose -2*y + 2*x + 50 = 0, -4*y + 100 = -x - x. Let r = y + k. Calculate the highest common divisor of r and 21.
7
Let k = -79 + 124. Suppose k - 229 = -8*o. What is the highest common divisor of o and 184?
23
Let z be 1/(2/(-262)) - 1. Let g be (-9216)/z + (-4)/(-22). Let f(u) = -u**3 + 6*u**2 - 3*u. Let o be f(5). Calculate the greatest common factor of o and g.
10
Let j(m) be the third derivative of -7*m**6/120 - m**5/30 - m**4/24 + 3*m**2. Let y be j(-1). Let p = 11 - y. What is the greatest common divisor of 2 and p?
1
Let t = 2 + 3. Let g(w) = 5 + w - 10 + t. Let b be g(11). What is the greatest common factor of 11 and b?
11
Let f = -175 - -235. What is the highest common divisor of 160 and f?
20
Suppose -4*u + x - 34 = -2*u, 22 = -2*u - 2*x. Let w(b) = b**2 + 3*b + 9. Let r be w(u). What is the greatest common factor of r and 27?
27
Suppose -12*y + 39 + 153 = 0. What is the greatest common factor of 64 and y?
16
Suppose 4*y + 107 = 3*b + 8*y, -134 = -4*b - y. What is the greatest common divisor of b and 165?
33
Let i be (-158)/(-8) + (-1)/(-4). Suppose -4*j + 753 + 1887 = 0. Suppose 660 = 3*m - c, c = -3*m - c + j. What is the greatest common factor of i and m?
20
Let r(o) = -73*o. Let u be r(-1). Let h = u - 40. Calculate the highest common factor of 231 and h.
33
Let s = 88 - 16. What is the greatest common divisor of 16 and s?
8
Let x be 4/3 + 2/3. Suppose -2*u + 63 = u. Let p = u + -13. What is the highest common factor of p and x?
2
Suppose -7*t + 12 = -3*y - 4*t, 5 = t. Let s be y/2*150/5. Calculate the greatest common divisor of 60 and s.
15
Suppose i + 70 = -5*x, -x + 158 = -2*i - 15. Let l = 90 + i. Calculate the greatest common divisor of 5 and l.
5
Let a = -12 + 11. Let l be a/(-4) + 57/12. Suppose 3*p - l*s - 85 = 0, 4*s - 105 = 5*p - 251. What is the highest common factor of p and 3?
3
Let u(d) = -27*d - 405. Let n be u(-19). Let s(i) = -i**2 + 4*i + 5. Let z be s(5). Suppose f - 2*f + 12 = z. Calculate the highest common factor of f and n.
12
Let b(q) = q**3 + 5*q**2 - 6*q + 1. Let o be b(-6). Suppose d + o = -4. Let p be 0 + -76*(d - -4). What is the greatest common divisor of p and 19?
19
Suppose 4*o - 89 = -5*a, 5*o - 10*o = 3*a - 95. What is the greatest common divisor of o and 128?
16
Suppose 5*m - 176 = o, -5*o + 8*o = 12. What is the highest common factor of m and 288?
36
Let p = -2052 + 2420. What is the greatest common divisor of 46 and p?
46
Let p be (-1 + 0)/(1/(-51)). Suppose 59 = 2*a - p. Let o(f) = f + 2. Let w be o(3). Calculate the highest common factor of a and w.
5
Let c be 3 + 58/(-18) - 173/(-9). Calculate the greatest common factor of c and 19.
19
Suppose 1 = 2*w - 5. Let y be 5*(1/(-4) + 22/(-40)). Let n be (-3)/((-6)/y)*(-93)/62. Calculate the greatest common factor of n and w.
3
Suppose 17229 - 5789 = 13*y. What is the highest common divisor of y and 275?
55
Let d(k) = 289*k**2 + 2*k - 3. Let g be d(3). Let o be (-2)/(-11) - g/(-77). What is the greatest common factor of 136 and o?
34
Let i = 1630 + -418. Calculate the greatest common divisor of i and 12.
12
Let m = 200 - 130. Let p = 84 - 25. Let n = 73 - p. What is the greatest common divisor of m and n?
14
Let j be 954/21 - 1 - (-3)/(-7). Calculate the greatest common divisor of j and 44.
44
Let p be -1 - (-1 + -1 - 56). Let k be ((-48)/(-60))/((-1)/5). Let l be 1490/40 + (-3)/k. What is the greatest common factor of l and p?
19
Let z(k) = -k**2 - 13*k + 14. Let j be z(-9). Calculate the highest common factor of 975 and j.
25
Let m = 3250 - 3225. Suppose 0 = 3*t - 46 - 29. What is the highest common divisor of t and m?
25
Let u(g) = g**2 - 11*g + 15. Let z be u(10). Suppose -5*w - 3*o = -19, 0 = -z*w + 4*o - 2. Calculate the highest common divisor of w and 2.
2
Let q(v) = 2*v**2 - 10*v - 3. Let a be q(8). What is the highest common divisor of 225 and a?
45
Suppose 5*k = 56 - 21. Suppose -p + 4*f - 10 = p, p + k = 3*f. Let y be ((-11)/2)/(p/18). What is the greatest common divisor of 9 and y?
9
Suppose q = 4*q. Suppose q*l + l - 2 = 0. Suppose 4*c - l*w - 70 = 0, 3*w - 20 + 57 = 2*c. Calculate the highest common factor of c and 187.
17
Let f(b) = -6*b - 249*b**2 - b**3 + 8 + 253*b**2 + b**3 + b**3. Let p be f(-5). Calculate the greatest common divisor of 39 and p.
13
Let v(l) = 178*l + 3. Let x be v(4). Let j = -459 + x. Suppose 4*u - 73 - 267 = 3*r, 3*u - 2*r - j = 0. What is the greatest common factor of 11 and u?
11
Suppose 5*m - 4*s + 9*s = 305, 4*s + 128 = 2*m. Suppose 0 = 3*k - m + 20. Let y(g) = 15*g - 3. Let x be y(3). What is the highest common divisor of x and k?
14
Suppose -5*i = 3*n - 504, -121 = -3*i + 3*n + 191. Suppose 0*a = -a - 3*k + i, -a + 2*k = -127. Calculate the greatest common factor of a and 39.
39
Suppose -20*f + 1177 + 123 = 0. Let a = 37 - 24. Calculate the greatest common divisor of f and a.
13
Suppose -15*x - 66 = -17*x. Let f be (-38)/(-14) + 4/14. What is the highest common factor of x and f?
3
Let q be (-1 - 8)*(-10)/15. Let w(y) = -4*y**2 + 5*y + 8 - 12*y + y**3 + 0*y. Let d be w(q). What is the highest common divisor of 95 and d?
19
Let p(r) = 25*r**2 + 3*r + 1. Let f be p(-2). Let h(u) = -u**3 + 11*u**2 - 25*u - 11. Let b be h(6). Calculate the highest common divisor of f and b.
19
Let r(d) = 20*d**2 - d. Let t be r(1). Let f = 56 + 7. Suppose t = -4*p + f. What is the greatest common divisor of p and 22?
11
Let d(l) = -4*l**3 + 5*l - 9. Let r be d(-4). Suppose 0 = 9*p - 205 - r. What is the greatest common factor of p and 16?
16
Let i be 52 - 4*(-3)/6. Suppose 15*f + 89 = 494. Calculate the greatest common divisor of f and i.
27
Let h be -4 - (0 - 1 - 18). Suppose -h*n = -17*n + 22. Calculate the greatest common divisor of n and 55.
11
Let v be 7/(-49) + (-4600)/(-56). What is the highest common factor of 369 and v?
41
Let v = 16 - -44. Let z(a) = 6*a**3 + a + 2. Let q be z(2). Let k be ((-6)/(-13))/3 - (-772)/q. Calculate the greatest common factor of v and k.
15
Suppose -2*m = -m + 1. Let p(i) = -14*i - 1. Let o be p(m). Let c(r) = -68*r - 1324. Let w be c(-21). Calculate the greatest common divisor of w and o.
13
Let i = 596 + -516. Calculate the highest common factor of i and 72.
8
Suppose 0 = -13*t + 8*t + 80. Suppose -17 = -d + t. Let l = 0 - -3. Calculate the greatest common divisor of d and l.
3
Let y be (8 - 216/40)*5. What is the greatest common divisor of y and 1924?
13
Suppose -19*b = -24*b + 80. What is the highest common divisor of 2 and b?
2
Let v(p) = 6*p**2 - 43*p - 18. Let i be v(8). Let m be -3 + (2 - 2 - 1). Let l be m/2*(1 - 2). Calculate the highest common divisor of i and l.
2
Let l(k) be the first derivative of 33*k**2/2 + 6*k - 6. Let n be l(3). Let g = 56 - 14. What is the highest common divisor of g and n?
21
Let w be -2 + (4 - 2/((-12)/18)). What is the highest common divisor of 20 and w?
5
Suppose -394*u + 411*u = 153. Calculate the greatest common factor of u and 243.
9
Suppose -2*c - 20 = 5*o, 8 = -5*o - 12. Let f(x) = x**2 + 2*x + 34. Let w be f(c). What is the highest common factor of w and 102?
34
Let n(z) = 32*z + 94. Let u be n(